site number?
False
Let g = -4133 + 10383. Suppose -4*v + 3*x = x - g, -4*v + 6229 = 5*x. Is v composite?
True
Suppose -78065 = -14*y + 140419. Suppose y = 4*f - 726. Is f prime?
False
Suppose -4902957 + 26965086 = 226*u - 15425169. Is u a prime number?
False
Let o(z) be the first derivative of -1/2*z**2 - 1/4*z**4 + 6*z**3 - 8 - 29*z. Is o(15) composite?
False
Let d(f) be the first derivative of -31*f**4 + 5*f**3/3 + f**2/2 - 7*f - 223. Is d(-2) a prime number?
False
Suppose 4746065 + 410333 = 448*w - 435*w. Is w prime?
False
Let c(d) = -d**3 - 6*d**2 + 5*d - 10. Let a be c(-7). Suppose -37*u = -32*u. Suppose u = -a*t + 5*l + 87 + 636, -4*l = 12. Is t a prime number?
False
Suppose 2*f = 3*f + 4*o - 31, -5*o = -f - 5. Suppose a - f = -4*v, 11 = 5*v + 2*a - 7. Is (-262)/v*(-39 + 13) composite?
True
Let d be ((-351)/26)/((-5)/4 - -2). Let k(n) = -331*n - 5. Is k(d) composite?
False
Let v(u) = 187*u**3 + 16*u**2 - 132*u + 1177. Is v(10) a prime number?
False
Suppose -2*s + 7*s = 20. Let d be s/(-6)*(7 - 13). Suppose -m - 1022 = -4*x + 1506, -3*x + d*m = -1909. Is x a prime number?
True
Let f = -219 - -221. Is 2339/2 - (7/(-2) + f) a composite number?
False
Let n(v) = 164*v**2 + 2*v - 11. Let o be n(3). Let k = o - -4086. Is k a prime number?
True
Let y(n) = 1907*n + 10. Is y(3) prime?
False
Is (-22)/(-33) + 558736/48 + (1 - 1) a composite number?
True
Suppose 0 = 15*n - 8*n + 36778. Let r = n + 11651. Is r prime?
True
Let s(b) = 6*b**2 - 2*b - 3. Let a be s(-1). Suppose -a*u + 19 = v + v, 3*u - 21 = 2*v. Suppose u*q + 4*w - 380 = 3717, -2465 = -3*q + w. Is q prime?
True
Let x(w) = 3*w**3 - 4*w**3 - 15 - w**2 + 0*w**3 + 4*w. Let y = 718 - 729. Is x(y) a composite number?
False
Suppose -4*w + 2*h = -0*h + 5376, -2*w + 5*h - 2696 = 0. Let a = w - -2556. Let g = -164 + a. Is g a prime number?
True
Let q(u) = -4*u**3 - 310*u**2 + 168*u + 126. Let m be q(-78). Let a be 1/(1*(-1)/(-1511)). Let x = m + a. Is x prime?
True
Let i = -33013 - -70970. Is i prime?
True
Let l = 468085 - 190398. Is l a prime number?
True
Let n = 2469570 - 1674499. Is n a prime number?
True
Let b(h) = 60*h**2 - 30*h + 59. Is b(-30) a prime number?
True
Let h = -7498 + 9935. Is h a prime number?
True
Let u(s) = -2584*s - 385. Let d(c) = -1293*c - 193. Let o(b) = -5*d(b) + 2*u(b). Is o(10) prime?
False
Let l = -390 + 394. Is 1*l + 488358/26 prime?
True
Let b be -1 - ((2 - 6) + 0). Suppose 0 = h - 2*f + 59, 21 + 101 = -2*h + b*f. Let n = 66 - h. Is n prime?
False
Suppose -9*v - 71 = -260. Let c(x) = 2*x**3 - 23*x**2 - 52*x + 34. Is c(v) prime?
True
Let h(n) = 89*n**2 - 18*n + 25. Let v(p) = 89*p**2 - 16*p + 24. Let g(d) = -5*h(d) + 6*v(d). Is g(3) a prime number?
False
Let x = 2861 - 2851. Let w(y) be the third derivative of 2*y**5/5 - 2*y**4/3 + 11*y**3/6 - y**2. Is w(x) a prime number?
True
Let i be 158/8 + (45/36 - 1). Suppose p - 2528 = -4*x, 0 = -6*p + p - i. Is x a prime number?
False
Suppose 4*a + 3323 + 45 = 0. Let c = a + 1611. Is c composite?
False
Let t(n) = -2782*n**2 - n - 3. Suppose -3*h + 8 = h. Let c be t(h). Let x = 16300 + c. Is x a prime number?
True
Let i be 672/16*(-2 - (-10)/4). Suppose -31055 + 249266 = i*c. Is c composite?
False
Let t = 13 - 9. Suppose -11*j + 13*j - 6510 = -2*u, t*j + 2*u = 13024. Suppose 2*m - 2*w - 5130 = 0, 4*w - j = -2*m + 1861. Is m prime?
False
Let c be (-2)/10 - (-146808)/15. Suppose -7*m - 1016 + c = 0. Is m a composite number?
True
Suppose 72641 = w - 7*o, -9*w + 11*w = 3*o + 145238. Is w a prime number?
True
Suppose -4*h - 150538 = -10*a, -8*a + 3*a = -3*h - 75271. Is a composite?
False
Is (0 + 2)*((-3)/(-2) + 3413292/69) a composite number?
False
Let b(h) = 40*h**3 + 5*h**2 + 96*h + 205. Is b(17) a prime number?
False
Suppose n = -2*o + 53, -9*o - 77 = -12*o - n. Suppose -9*l - o*l + 70257 = 0. Is l a prime number?
True
Let l = -12 - -15. Is 22113/l + 0 + -2 prime?
True
Suppose 0*c - 5*c - d + 617 = 0, 0 = -3*c + 3*d + 363. Suppose -10*b = 6947 + c. Let k = b + 1126. Is k a composite number?
False
Let t(u) = 11*u - 7 + 2*u - 5*u**2 - 22*u**3 + 3*u**3 - 7*u. Is t(-5) a composite number?
False
Let a(q) = -q**2 + 5*q + 10. Let j = 45 - 39. Let y be a(j). Is (-2)/((-7)/(938/y)) a composite number?
False
Let p = 20 - 20. Suppose -33 = -3*w - p*w. Suppose 0 = w*n - 7*n - 2036. Is n a composite number?
False
Suppose 9663 + 4071 = 3*n. Is (n/9 + -1)*6 prime?
False
Suppose -2*z + 5*d - 3438 = 0, 35*z - 30*z + 8629 = 4*d. Let l = 2942 + z. Is l composite?
False
Let p be ((-678)/12)/((-3)/18). Suppose h = f - 497, f = 4*f - 4*h - 1492. Let w = f - p. Is w a prime number?
True
Suppose f - 1439 = -5*a, -6*f - 2*a = -3*f - 4291. Let l = f + 1680. Is l composite?
False
Is (-20)/(-100) + (-25438658)/(-35) a composite number?
True
Let s(t) = 7*t**3 + t**2 + 4*t - 5. Let h be s(1). Let z(q) = q**3 - 5*q**2 - 6*q + 9. Is z(h) a prime number?
False
Let s = -305 + 313. Let q = -11 - -7. Is (-2)/q - 276/s*-261 a composite number?
True
Let d(o) = -21285*o + 53. Is d(-4) a composite number?
False
Let s = 358631 - -701430. Is s a composite number?
False
Let y(w) = w**3 + 18*w**2 + 8*w + 65. Let n(g) = 2*g**3 + 36*g**2 + 17*g + 130. Let u(k) = -3*n(k) + 5*y(k). Is u(-23) a prime number?
True
Let d = 44 + -38. Let h(r) = 67*r**2 + 12*r - 5. Is h(d) prime?
False
Is (14/5)/(364/5934110) composite?
True
Suppose -22*z + 14*z = -32. Suppose z*v = 2059 + 18169. Is v a prime number?
False
Suppose 4*c - 5*c = 0. Let f be c/(-4 - (-6)/1). Suppose f = -5*g + 358 + 37. Is g prime?
True
Let y(g) = 21374*g - 28. Let r be y(7). Suppose 3*p - 18011 = r. Is p/14 + 12/(-8) a prime number?
True
Let h = -262 - -610. Suppose -2*u = g - 3*u - h, 2*g + u = 693. Is g prime?
True
Suppose -135628 = 21*x + 42200. Let k = x - -17619. Is k a prime number?
True
Let h(l) = -2746*l + 1559. Is h(-26) a composite number?
True
Let v be (0/(-2))/(2/1). Suppose -5*x - 2*y + 11 - 57 = v, -3*x - 21 = -y. Is 6459/9*6*(-4)/x prime?
True
Let l(o) be the first derivative of -2*o**4 + 4*o**3/3 + o**2/2 + 2*o - 276. Suppose 0 = -4*t + 4*n - 32, t + 5*n = -0*t + 22. Is l(t) prime?
True
Suppose 8 = v - 3*l - 14, 3*v - l = 50. Suppose 88774 - 13526 = v*h. Is h composite?
False
Let u = -187469 - -694762. Is u composite?
True
Let j(d) = 707*d**2 - 51*d - 147. Is j(-19) a prime number?
True
Let m(c) = 3 + c**3 + 0*c**3 - 6 + 2. Let z(p) = 3*p**3 + 14*p**2 + 20*p - 6. Let j(d) = 4*m(d) - z(d). Is j(16) prime?
False
Let t(q) = -131*q + 514. Is t(-17) a composite number?
False
Let o = -123 + 158. Let l(p) = 8*p**2 - 24*p - 75. Is l(o) a prime number?
False
Suppose -5*i - 3*d = -5*d - 39, -5*d = 3*i - 42. Is 1/i + 184490/171 a prime number?
False
Suppose -5*w + 312*n - 316*n = -1136450, 3*w - 681897 = 3*n. Is w a composite number?
True
Is ((3/(-2))/(64/404864))/(-3) composite?
False
Let y be (-2)/(-6*6/(-72)). Is 3 + -80*178/y composite?
True
Let u(k) = 49036*k + 1725. Is u(17) a prime number?
False
Let w = -2 + 48. Let i = -39 + w. Suppose 0 = -i*a + 10*a - 3447. Is a a composite number?
True
Let j = 4 + 1. Suppose j*b - 5*s - 2590 = 0, 0 = -5*b - 3*s - 141 + 2715. Let g = b + 157. Is g composite?
False
Let z = -3900279 - -5561320. Is z composite?
True
Let y = 79305 + 3044. Is y a composite number?
False
Let w be 24/(-40)*1/((-9)/30). Is 2/((-16)/(-33924)) - w/(-4) a composite number?
False
Suppose -p + 4*b = -125357, -p + 410*b + 125375 = 409*b. Is p composite?
True
Suppose -2*h - 4*a = -314932, 5*h = 5*a + 109148 + 678242. Is h a composite number?
True
Let w(q) = -286*q + 23. Let u(i) be the first derivative of -572*i**2 + 92*i - 2. Let s(b) = 2*u(b) - 9*w(b). Is s(7) a prime number?
True
Suppose 3*x + u + 10419 = 42818, 4*x - 14*u = 43260. Is x a prime number?
False
Suppose 3*q + 96 - 30 = 0. Let n(d) = d**3 + 22*d**2 + 5. Let x be n(q). Suppose s - 6390 = -x*t, 0 = 3*t - 3*s - 1416 - 2436. Is t prime?
True
Suppose 2*p + b = 958807, -1408743 - 988271 = -5*p - 3*b. Is p composite?
True
Let u(i) = 247 - 97 - 101 + 79*i. Is u(12) prime?
True
Let y be (12/14)/(2/7). Let o be y/(-15) + (-122)/(-10). Is (-2)/o*-3*1106 a composite number?
True
Let i = 5482 - 1161. Is i a composite number?
True
Let k(i) = -i**2 - 5*i - 6. Let b be k(-4). Let q be (4/12*b)/(1/(-3)). Suppose 0 = r - 0*y + y - 770, q*y + 761 = r.